{"id":935,"date":"2025-05-30T10:50:26","date_gmt":"2025-05-30T08:50:26","guid":{"rendered":"https:\/\/ipmr-nevers.fr\/?page_id=935"},"modified":"2026-04-16T09:19:20","modified_gmt":"2026-04-16T07:19:20","slug":"assistant-dentaire","status":"publish","type":"page","link":"https:\/\/ipmr-nevers.fr\/?page_id=935","title":{"rendered":"Assistant dentaire"},"content":{"rendered":"<p>[et_pb_section fb_built=\u00a0\u00bb1&Prime; admin_label=\u00a0\u00bbHeader\u00a0\u00bb _builder_version=\u00a0\u00bb4.22.1&Prime; _module_preset=\u00a0\u00bbdefault\u00a0\u00bb use_background_color_gradient=\u00a0\u00bbon\u00a0\u00bb background_color_gradient_stops=\u00a0\u00bbrgba(42,47,49,0.7) 0%|#000000 100%\u00a0\u00bb background_color_gradient_overlays_image=\u00a0\u00bbon\u00a0\u00bb background_image=\u00a0\u00bbhttps:\/\/ipmr-nevers.fr\/wp-content\/uploads\/2025\/05\/online-university-21.jpg\u00a0\u00bb collapsed=\u00a0\u00bbon\u00a0\u00bb global_colors_info=\u00a0\u00bb{}\u00a0\u00bb][et_pb_row column_structure=\u00a0\u00bb1_2,1_2&Prime; _builder_version=\u00a0\u00bb4.19.2&Prime; _module_preset=\u00a0\u00bbdefault\u00a0\u00bb global_colors_info=\u00a0\u00bb{}\u00a0\u00bb][et_pb_column type=\u00a0\u00bb1_2&Prime; _builder_version=\u00a0\u00bb4.19.2&Prime; _module_preset=\u00a0\u00bbdefault\u00a0\u00bb global_colors_info=\u00a0\u00bb{}\u00a0\u00bb][et_pb_text _builder_version=\u00a0\u00bb4.19.2&Prime; _module_preset=\u00a0\u00bb6864d2a9-5c78-4b18-9314-f833f6a34bdb\u00a0\u00bb header_text_color=\u00a0\u00bb#FFFFFF\u00a0\u00bb custom_margin=\u00a0\u00bb||10px||false|false\u00a0\u00bb global_colors_info=\u00a0\u00bb{}\u00a0\u00bb]<\/p>\n<h1>Assistant Dentaire\u00a0<\/h1>\n<p>[\/et_pb_text][et_pb_text _builder_version=\u00a0\u00bb4.19.2&Prime; _module_preset=\u00a0\u00bb12e99c59-f19f-4a7c-8edf-040b6664e26f\u00a0\u00bb text_text_color=\u00a0\u00bb#FFFFFF\u00a0\u00bb global_colors_info=\u00a0\u00bb{}\u00a0\u00bb]<\/p>\n<p class=\"p1\">Apr\u00e8s avoir ouvert avec succ\u00e8s trois fili\u00e8res de r\u00e9\u00e9ducation \u00e0 Nevers, l\u2019IPMR poursuit son d\u00e9veloppement en lan\u00e7ant une formation d\u2019assistant dentaire de niveau 1. Ce projet r\u00e9pond \u00e0 un besoin identifi\u00e9 : notre d\u00e9partement, tout comme les territoires voisins, fait partie des zones sous-dot\u00e9es en personnel dentaire selon les donn\u00e9es d\u00e9mographiques nationales.<\/p>\n<p class=\"p2\">\n<p class=\"p1\">Conform\u00e9ment \u00e0 l\u2019arr\u00eat\u00e9 du 8 juin 2018 modifi\u00e9, encadrant la formation menant au titre d\u2019assistant dentaire, l\u2019IPMR a d\u00e9pos\u00e9 une demande d\u2019agr\u00e9ment aupr\u00e8s de la Commission Paritaire Nationale de l\u2019Emploi et de la Formation Professionnelle. Cet agr\u00e9ment a \u00e9t\u00e9 obtenu le 26 avril 2024 pour le site de Nevers.<\/p>\n<p>[\/et_pb_text][\/et_pb_column][et_pb_column type=\u00a0\u00bb1_2&Prime; _builder_version=\u00a0\u00bb4.19.2&Prime; _module_preset=\u00a0\u00bbdefault\u00a0\u00bb global_colors_info=\u00a0\u00bb{}\u00a0\u00bb][et_pb_text _builder_version=\u00a0\u00bb4.27.4&Prime; _module_preset=\u00a0\u00bbdefault\u00a0\u00bb text_text_color=\u00a0\u00bb#FFFFFF\u00a0\u00bb global_colors_info=\u00a0\u00bb{}\u00a0\u00bb]<\/p>\n<p class=\"p1\">L\u2019assistant dentaire est un professionnel de sant\u00e9 essentiel au bon fonctionnement d\u2019un cabinet ou d\u2019un centre dentaire. Il travaille en \u00e9troite collaboration avec le chirurgien-dentiste et participe \u00e0 la prise en charge globale du patient, tant sur le plan clinique qu\u2019organisationnel.<\/p>\n<h3><span style=\"color: #ffffff;\"><strong>Missions principales<\/strong><\/span><\/h3>\n<ul>\n<li>\n<p class=\"p1\">Assistance du praticien au fauteuil lors des soins<\/p>\n<\/li>\n<li>\n<p class=\"p1\">Accueil, information et accompagnement des patients<\/p>\n<\/li>\n<li>\n<p class=\"p1\">Pr\u00e9paration, st\u00e9rilisation et tra\u00e7abilit\u00e9 du mat\u00e9riel m\u00e9dical<\/p>\n<\/li>\n<li>\n<p class=\"p1\">Organisation des rendez-vous et gestion administrative du cabinet<\/p>\n<\/li>\n<li>\n<p class=\"p1\">Application stricte des r\u00e8gles d\u2019hygi\u00e8ne, de s\u00e9curit\u00e9 et de confidentialit\u00e9<\/p>\n<\/li>\n<\/ul>\n<h3><span style=\"color: #ffffff;\"><b>Formation et acc\u00e8s au m\u00e9tier<\/b><\/span><\/h3>\n<p class=\"p1\">L\u2019exercice du m\u00e9tier d\u2019assistant dentaire est <span class=\"s2\">r\u00e9glement\u00e9 en France<\/span>. Il n\u00e9cessite l\u2019obtention du <span class=\"s2\">Titre d\u2019Assistant dentaire<\/span> (niveau 4 \u2013 \u00e9quivalent Bac), d\u00e9livr\u00e9 \u00e0 l\u2019issue d\u2019une formation <span class=\"s2\">obligatoirement suivie en alternance<\/span> (cabinet + centre de formation), d\u2019une dur\u00e9e moyenne de <span class=\"s2\">18 mois<\/span>.<\/p>\n<p class=\"p1\">La formation est accessible \u00e0 partir de 18 ans, sous contrat de travail avec un chirurgien-dentiste ou une structure dentaire.<\/p>\n<p class=\"p1\"><b>\u00c9volutions et sp\u00e9cialisations<\/b><\/p>\n<p class=\"p1\">Apr\u00e8s l\u2019obtention du titre, l\u2019assistant dentaire peut enrichir ses comp\u00e9tences par des <span class=\"s2\">formations compl\u00e9mentaires<\/span>(orthodontie, implantologie, parodontologie, hygi\u00e8ne bucco-dentaire, gestion de cabinet). Ces sp\u00e9cialisations permettent une \u00e9volution professionnelle et une mont\u00e9e en responsabilit\u00e9s.<\/p>\n<h3><span style=\"color: #ffffff;\"><b>Environnement de travail<\/b><\/span><\/h3>\n<p class=\"p1\">L\u2019assistant dentaire exerce principalement en cabinet lib\u00e9ral ou en centre de sant\u00e9 dentaire. Le m\u00e9tier requiert rigueur, sens du relationnel, organisation et capacit\u00e9 \u00e0 travailler en \u00e9quipe, dans un environnement m\u00e9dical exigeant.<\/p>\n<p>[\/et_pb_text][\/et_pb_column][\/et_pb_row][\/et_pb_section][et_pb_section fb_built=\u00a0\u00bb1&Prime; admin_label=\u00a0\u00bbCall to Action\u00a0\u00bb _builder_version=\u00a0\u00bb4.22.1&Prime; _module_preset=\u00a0\u00bbdefault\u00a0\u00bb background_color=\u00a0\u00bb#000000&Prime; use_background_color_gradient=\u00a0\u00bbon\u00a0\u00bb background_color_gradient_direction=\u00a0\u00bb90deg\u00a0\u00bb background_color_gradient_stops=\u00a0\u00bbgcid-18a7d06a-1ed9-4e8b-bef0-ea365f6c384a 50%|#000000 50%\u00a0\u00bb custom_padding=\u00a0\u00bb0px||0px||true|false\u00a0\u00bb background_last_edited=\u00a0\u00bbon|desktop\u00a0\u00bb use_background_color_gradient_tablet=\u00a0\u00bboff\u00a0\u00bb locked=\u00a0\u00bboff\u00a0\u00bb collapsed=\u00a0\u00bbon\u00a0\u00bb global_colors_info=\u00a0\u00bb{}\u00a0\u00bb][et_pb_row column_structure=\u00a0\u00bb1_3,2_3&Prime; use_custom_gutter=\u00a0\u00bbon\u00a0\u00bb gutter_width=\u00a0\u00bb1&Prime; make_equal=\u00a0\u00bbon\u00a0\u00bb _builder_version=\u00a0\u00bb4.21.0&Prime; _module_preset=\u00a0\u00bbdefault\u00a0\u00bb custom_padding=\u00a0\u00bb0px||0px||true|false\u00a0\u00bb global_colors_info=\u00a0\u00bb{}\u00a0\u00bb][et_pb_column type=\u00a0\u00bb1_3&Prime; _builder_version=\u00a0\u00bb4.19.1&Prime; _module_preset=\u00a0\u00bbdefault\u00a0\u00bb global_colors_info=\u00a0\u00bb{}\u00a0\u00bb][et_pb_image src=\u00a0\u00bbhttps:\/\/ipmr-nevers.fr\/wp-content\/uploads\/2026\/01\/Ur1p7x66LDH5DzH4xrRUb.png\u00a0\u00bb title_text=\u00a0\u00bbUr1p7x66LDH5DzH4xrRUb\u00a0\u00bb align=\u00a0\u00bbcenter\u00a0\u00bb force_fullwidth=\u00a0\u00bbon\u00a0\u00bb _builder_version=\u00a0\u00bb4.27.4&Prime; _module_preset=\u00a0\u00bbdefault\u00a0\u00bb custom_margin=\u00a0\u00bb|||1vw|false|false\u00a0\u00bb custom_margin_tablet=\u00a0\u00bb||30px|0vw|false|false\u00a0\u00bb custom_margin_phone=\u00a0\u00bb||30px|0vw|false|false\u00a0\u00bb custom_margin_last_edited=\u00a0\u00bbon|desktop\u00a0\u00bb animation_style=\u00a0\u00bbfade\u00a0\u00bb border_radii=\u00a0\u00bboff|||30px|\u00a0\u00bb global_colors_info=\u00a0\u00bb{}\u00a0\u00bb][\/et_pb_image][\/et_pb_column][et_pb_column type=\u00a0\u00bb2_3&Prime; _builder_version=\u00a0\u00bb4.21.0&Prime; _module_preset=\u00a0\u00bbdefault\u00a0\u00bb background_color=\u00a0\u00bbgcid-18a7d06a-1ed9-4e8b-bef0-ea365f6c384a\u00a0\u00bb custom_padding=\u00a0\u00bb60px|60px|60px|60px|true|true\u00a0\u00bb custom_padding_tablet=\u00a0\u00bb30px|30px|30px|30px|true|true\u00a0\u00bb custom_padding_phone=\u00a0\u00bb20px|20px|20px|20px|true|true\u00a0\u00bb custom_padding_last_edited=\u00a0\u00bbon|tablet\u00a0\u00bb border_radii=\u00a0\u00bboff||30px||\u00a0\u00bb global_colors_info=\u00a0\u00bb{%22gcid-18a7d06a-1ed9-4e8b-bef0-ea365f6c384a%22:%91%22background_color%22%93}\u00a0\u00bb][et_pb_text _builder_version=\u00a0\u00bb4.21.0&Prime; _module_preset=\u00a0\u00bb87a02293-e63a-4d6b-88af-a0f38cb9a3d8&Prime; global_colors_info=\u00a0\u00bb{}\u00a0\u00bb]<\/p>\n<p class=\"p1\"><span class=\"s1\"><\/span><\/p>\n<h3><b>Conditions d\u2019acc\u00e8s \u00e0 la formation<\/b><\/h3>\n<p>&nbsp;<\/p>\n<p>[\/et_pb_text][et_pb_text _builder_version=\u00a0\u00bb4.27.4&Prime; _module_preset=\u00a0\u00bb12e99c59-f19f-4a7c-8edf-040b6664e26f\u00a0\u00bb custom_margin=\u00a0\u00bb||30px||false|false\u00a0\u00bb global_colors_info=\u00a0\u00bb{}\u00a0\u00bb]<\/p>\n<p class=\"p1\"><span class=\"s1\"><\/span><\/p>\n<ul>\n<li>\n<p class=\"p1\">\u00catre \u00e2g\u00e9(e) de 18 ans r\u00e9volus<\/p>\n<\/li>\n<li>\n<p class=\"p1\">\u00catre titulaire d\u2019un dipl\u00f4me ou titre de niveau 3 minimum<\/p>\n<\/li>\n<\/ul>\n<p class=\"p3\">La s\u00e9lection des candidats se fera sur dossier et entretien, permettant d\u2019\u00e9valuer la motivation et la coh\u00e9rence du projet professionnel.<\/p>\n<p class=\"p3\">L\u2019admission d\u00e9finitive est conditionn\u00e9e par la pr\u00e9sentation d\u2019une attestation m\u00e9dicale prouvant l\u2019immunisation et les vaccinations obligatoires, conform\u00e9ment \u00e0 l\u2019article L. 3111-4 du Code de la sant\u00e9 publique.<\/p>\n<p>[\/et_pb_text][et_pb_text _builder_version=\u00a0\u00bb4.27.4&Prime; _module_preset=\u00a0\u00bbdefault\u00a0\u00bb global_colors_info=\u00a0\u00bb{}\u00a0\u00bb]<\/p>\n<h2 class=\"p1\">Consultez le r\u00e9f\u00e9rentiel de la formation d\u2019assistant dentaire sur le site de France Comp\u00e9tences.<\/h2>\n<p>[\/et_pb_text][et_pb_button button_url=\u00a0\u00bbhttps:\/\/www.francecompetences.fr\/recherche\/rncp\/38144\/\u00a0\u00bb button_text=\u00a0\u00bbreferentiel\u00a0\u00bb button_alignment=\u00a0\u00bbcenter\u00a0\u00bb button_alignment_tablet=\u00a0\u00bbleft\u00a0\u00bb button_alignment_phone=\u00a0\u00bbleft\u00a0\u00bb button_alignment_last_edited=\u00a0\u00bbon|desktop\u00a0\u00bb _builder_version=\u00a0\u00bb4.27.4&Prime; _module_preset=\u00a0\u00bb8f978a21-72ed-4010-bdae-6f5739fff8e9&Prime; box_shadow_style=\u00a0\u00bbpreset6&Prime; locked=\u00a0\u00bboff\u00a0\u00bb global_colors_info=\u00a0\u00bb{}\u00a0\u00bb][\/et_pb_button][\/et_pb_column][\/et_pb_row][\/et_pb_section][et_pb_section fb_built=\u00a0\u00bb1&Prime; _builder_version=\u00a0\u00bb4.27.4&Prime; _module_preset=\u00a0\u00bbdefault\u00a0\u00bb global_colors_info=\u00a0\u00bb{}\u00a0\u00bb][et_pb_row _builder_version=\u00a0\u00bb4.27.4&Prime; _module_preset=\u00a0\u00bbdefault\u00a0\u00bb global_colors_info=\u00a0\u00bb{}\u00a0\u00bb][et_pb_column type=\u00a0\u00bb4_4&Prime; _builder_version=\u00a0\u00bb4.27.4&Prime; _module_preset=\u00a0\u00bbdefault\u00a0\u00bb global_colors_info=\u00a0\u00bb{}\u00a0\u00bb][et_pb_toggle title=\u00a0\u00bbAide dentaire \u2013 Formation courte et parcours d\u2019acc\u00e8s au m\u00e9tier d\u2019assistant dentaire\u00a0\u00bb _builder_version=\u00a0\u00bb4.27.4&Prime; _module_preset=\u00a0\u00bbdefault\u00a0\u00bb global_colors_info=\u00a0\u00bb{}\u00a0\u00bb]<\/p>\n<p class=\"p1\"><span class=\"s1\"><\/span><\/p>\n<ul>\n<li>\n<p class=\"p1\">Aide dentaire : formation courte en alternance (environ 12 mois), orient\u00e9e vers l\u2019acquisition des bases du travail en cabinet dentaire (accueil, hygi\u00e8ne, pr\u00e9paration du mat\u00e9riel, t\u00e2ches administratives).<\/p>\n<\/li>\n<li>\n<p class=\"p1\">Cette formation peut constituer un tremplin vers la formation d\u2019assistant dentaire, permettant de d\u00e9couvrir le m\u00e9tier et de s\u00e9curiser un projet d\u2019acc\u00e8s \u00e0 un dipl\u00f4me qualifiant r\u00e9glement\u00e9.<\/p>\n<\/li>\n<\/ul>\n<p>&nbsp;<\/p>\n<p>[\/et_pb_toggle][\/et_pb_column][\/et_pb_row][et_pb_row _builder_version=\u00a0\u00bb4.27.4&Prime; _module_preset=\u00a0\u00bbdefault\u00a0\u00bb global_colors_info=\u00a0\u00bb{}\u00a0\u00bb][et_pb_column type=\u00a0\u00bb4_4&Prime; _builder_version=\u00a0\u00bb4.27.4&Prime; _module_preset=\u00a0\u00bbdefault\u00a0\u00bb global_colors_info=\u00a0\u00bb{}\u00a0\u00bb][et_pb_accordion _builder_version=\u00a0\u00bb4.27.4&Prime; _module_preset=\u00a0\u00bbdefault\u00a0\u00bb global_colors_info=\u00a0\u00bb{}\u00a0\u00bb][et_pb_accordion_item title=\u00a0\u00bbInstances de la branche professionnelle\u00a0\u00bb open=\u00a0\u00bbon\u00a0\u00bb _builder_version=\u00a0\u00bb4.27.4&Prime; _module_preset=\u00a0\u00bbdefault\u00a0\u00bb global_colors_info=\u00a0\u00bb{}\u00a0\u00bb]<\/p>\n<p class=\"p1\">La <span class=\"s1\"><b>CPNEFP (Commission Paritaire Nationale de l\u2019Emploi et de la Formation Professionnelle)<\/b><\/span> est une instance paritaire de la branche des cabinets dentaires. Elle d\u00e9finit les orientations en mati\u00e8re d\u2019emploi, de formation professionnelle, de certifications et de comp\u00e9tences, et veille \u00e0 l\u2019ad\u00e9quation entre les besoins des employeurs et les parcours de formation.<\/p>\n<p class=\"p1\">La <span class=\"s1\"><b>CPPNI (Commission Paritaire Permanente de N\u00e9gociation et d\u2019Interpr\u00e9tation)<\/b><\/span> est l\u2019instance de dialogue social de la branche. Elle est charg\u00e9e de la n\u00e9gociation collective, de l\u2019interpr\u00e9tation de la convention collective nationale et du suivi de son application au sein de la profession.<\/p>\n<p>[\/et_pb_accordion_item][\/et_pb_accordion][\/et_pb_column][\/et_pb_row][\/et_pb_section][et_pb_section fb_built=\u00a0\u00bb1&Prime; _builder_version=\u00a0\u00bb4.27.4&Prime; _module_preset=\u00a0\u00bbdefault\u00a0\u00bb global_colors_info=\u00a0\u00bb{}\u00a0\u00bb][et_pb_row _builder_version=\u00a0\u00bb4.27.4&Prime; _module_preset=\u00a0\u00bbdefault\u00a0\u00bb global_colors_info=\u00a0\u00bb{}\u00a0\u00bb][et_pb_column type=\u00a0\u00bb4_4&Prime; _builder_version=\u00a0\u00bb4.27.4&Prime; _module_preset=\u00a0\u00bbdefault\u00a0\u00bb global_colors_info=\u00a0\u00bb{}\u00a0\u00bb][et_pb_pricing_tables show_bullet=\u00a0\u00bboff\u00a0\u00bb _builder_version=\u00a0\u00bb4.27.4&Prime; _module_preset=\u00a0\u00bbdefault\u00a0\u00bb global_colors_info=\u00a0\u00bb{}\u00a0\u00bb][et_pb_pricing_table featured=\u00a0\u00bbon\u00a0\u00bb title=\u00a0\u00bbtarifs de la formation \u00a0\u00bb currency=\u00a0\u00bb\u20ac\u00a0\u00bb sum=\u00a0\u00bb7 800&Prime; _builder_version=\u00a0\u00bb4.27.4&Prime; _module_preset=\u00a0\u00bbdefault\u00a0\u00bb global_colors_info=\u00a0\u00bb{}\u00a0\u00bb sticky_transition=\u00a0\u00bbon\u00a0\u00bb]<\/p>\n<p style=\"text-align: center;\">\n<p class=\"p1\" style=\"text-align: center;\"><span class=\"s1\">&#8211;<\/span><span class=\"s2\"> <\/span>Un premier versement de 2100 euros \u00e0 l\u2019entr\u00e9e en formation<\/p>\n<p style=\"text-align: center;\">\n<p style=\"text-align: center;\">\n<p class=\"p1\" style=\"text-align: center;\"><span class=\"s1\">&#8211;<\/span><span class=\"s2\"> <\/span>Un 2<span class=\"s3\">\u00e8me<\/span> versement de 1900 euros 4 mois apr\u00e8s l\u2019entr\u00e9e en formation<\/p>\n<p style=\"text-align: center;\">\n<p style=\"text-align: center;\">\n<p class=\"p1\" style=\"text-align: center;\"><span class=\"s1\">&#8211;<\/span><span class=\"s2\"> <\/span>Un 3<span class=\"s3\">\u00e8me<\/span> versement de 1900 euros 8 mois apr\u00e8s l\u2019entr\u00e9e en formation<\/p>\n<p style=\"text-align: center;\">\n<p style=\"text-align: center;\">\n<p class=\"p1\" style=\"text-align: center;\"><span class=\"s1\">&#8211;<\/span><span class=\"s2\"> <\/span>Un 4<span class=\"s3\">\u00e8me<\/span> versement de 1900 euros 12 mois apr\u00e8s l\u2019entr\u00e9e en formation<\/p>\n<p>&nbsp;<\/p>\n<p>[\/et_pb_pricing_table][\/et_pb_pricing_tables][\/et_pb_column][\/et_pb_row][\/et_pb_section][et_pb_section fb_built=\u00a0\u00bb1&Prime; admin_label=\u00a0\u00bbApply\u00a0\u00bb _builder_version=\u00a0\u00bb4.19.2&Prime; _module_preset=\u00a0\u00bbdefault\u00a0\u00bb collapsed=\u00a0\u00bbon\u00a0\u00bb global_colors_info=\u00a0\u00bb{}\u00a0\u00bb][et_pb_row _builder_version=\u00a0\u00bb4.19.2&Prime; _module_preset=\u00a0\u00bbdefault\u00a0\u00bb global_colors_info=\u00a0\u00bb{}\u00a0\u00bb][et_pb_column type=\u00a0\u00bb4_4&Prime; _builder_version=\u00a0\u00bb4.19.2&Prime; _module_preset=\u00a0\u00bbdefault\u00a0\u00bb global_colors_info=\u00a0\u00bb{}\u00a0\u00bb][et_pb_text _builder_version=\u00a0\u00bb4.19.2&Prime; _module_preset=\u00a0\u00bb87a02293-e63a-4d6b-88af-a0f38cb9a3d8&Prime; text_orientation=\u00a0\u00bbcenter\u00a0\u00bb text_orientation_tablet=\u00a0\u00bbleft\u00a0\u00bb text_orientation_phone=\u00a0\u00bbleft\u00a0\u00bb text_orientation_last_edited=\u00a0\u00bbon|tablet\u00a0\u00bb global_colors_info=\u00a0\u00bb{}\u00a0\u00bb]<\/p>\n<h2>dossier d&rsquo;admission\u00a0<\/h2>\n<p>[\/et_pb_text][\/et_pb_column][\/et_pb_row][et_pb_row _builder_version=\u00a0\u00bb4.19.2&Prime; _module_preset=\u00a0\u00bbdefault\u00a0\u00bb custom_padding=\u00a0\u00bb||10px||false|false\u00a0\u00bb global_colors_info=\u00a0\u00bb{}\u00a0\u00bb][et_pb_column type=\u00a0\u00bb4_4&Prime; _builder_version=\u00a0\u00bb4.19.2&Prime; _module_preset=\u00a0\u00bbdefault\u00a0\u00bb global_colors_info=\u00a0\u00bb{}\u00a0\u00bb][et_pb_text _builder_version=\u00a0\u00bb4.27.4&Prime; _module_preset=\u00a0\u00bb26d37751-1c53-465b-a22d-341d43f972f3&Prime; global_colors_info=\u00a0\u00bb{}\u00a0\u00bb]<\/p>\n<h4>Admission<\/h4>\n<p>[\/et_pb_text][\/et_pb_column][\/et_pb_row][et_pb_row column_structure=\u00a0\u00bb3_4,1_4&Prime; _builder_version=\u00a0\u00bb4.19.2&Prime; _module_preset=\u00a0\u00bbdefault\u00a0\u00bb custom_padding=\u00a0\u00bb0px||||false|false\u00a0\u00bb border_color_all=\u00a0\u00bb#000000&Prime; border_width_bottom=\u00a0\u00bb1px\u00a0\u00bb global_colors_info=\u00a0\u00bb{}\u00a0\u00bb][et_pb_column type=\u00a0\u00bb3_4&Prime; _builder_version=\u00a0\u00bb4.19.2&Prime; _module_preset=\u00a0\u00bbdefault\u00a0\u00bb global_colors_info=\u00a0\u00bb{}\u00a0\u00bb][et_pb_text _builder_version=\u00a0\u00bb4.19.2&Prime; _module_preset=\u00a0\u00bb12e99c59-f19f-4a7c-8edf-040b6664e26f\u00a0\u00bb global_colors_info=\u00a0\u00bb{}\u00a0\u00bb]<\/p>\n<p class=\"p1\">La s\u00e9lection est assur\u00e9e par l\u2019IPMR, sur la base d\u2019un <span class=\"s1\"><b>dossier de candidature<\/b><\/span> et d\u2019un <span class=\"s1\"><b>entretien individuel<\/b><\/span>, visant \u00e0 \u00e9valuer la motivation et l\u2019ad\u00e9quation du projet professionnel de chaque candidat.<\/p>\n<p class=\"p1\">L\u2019admission d\u00e9finitive est conditionn\u00e9e par la pr\u00e9sentation d\u2019une <span class=\"s1\"><b>attestation m\u00e9dicale<\/b><\/span> justifiant de l\u2019immunisation et des <span class=\"s1\"><b>vaccinations obligatoires<\/b><\/span>, conform\u00e9ment \u00e0 l\u2019article L. 3111-4 du Code de la sant\u00e9 publique.<\/p>\n<p>[\/et_pb_text][\/et_pb_column][et_pb_column type=\u00a0\u00bb1_4&Prime; _builder_version=\u00a0\u00bb4.19.2&Prime; _module_preset=\u00a0\u00bbdefault\u00a0\u00bb global_colors_info=\u00a0\u00bb{}\u00a0\u00bb][et_pb_button button_url=\u00a0\u00bbhttps:\/\/ipmr-nevers.fr\/wp-content\/uploads\/2024\/12\/dossierinscriptionassistantdentaire-1.pdf\u00a0\u00bb button_text=\u00a0\u00bbdossier \u00a0\u00bb button_alignment=\u00a0\u00bbright\u00a0\u00bb button_alignment_tablet=\u00a0\u00bbleft\u00a0\u00bb button_alignment_phone=\u00a0\u00bbleft\u00a0\u00bb button_alignment_last_edited=\u00a0\u00bbon|desktop\u00a0\u00bb _builder_version=\u00a0\u00bb4.27.4&Prime; _module_preset=\u00a0\u00bb75fc6fc4-d129-4259-b4ae-ef98038001e4&Prime; box_shadow_style=\u00a0\u00bbpreset6&Prime; global_colors_info=\u00a0\u00bb{}\u00a0\u00bb][\/et_pb_button][\/et_pb_column][\/et_pb_row][\/et_pb_section][et_pb_section fb_built=\u00a0\u00bb1&Prime; _builder_version=\u00a0\u00bb4.27.4&Prime; _module_preset=\u00a0\u00bbdefault\u00a0\u00bb global_colors_info=\u00a0\u00bb{}\u00a0\u00bb][et_pb_row column_structure=\u00a0\u00bb1_2,1_2&Prime; _builder_version=\u00a0\u00bb4.27.4&Prime; _module_preset=\u00a0\u00bbdefault\u00a0\u00bb global_colors_info=\u00a0\u00bb{}\u00a0\u00bb][et_pb_column type=\u00a0\u00bb1_2&Prime; _builder_version=\u00a0\u00bb4.27.4&Prime; _module_preset=\u00a0\u00bbdefault\u00a0\u00bb global_colors_info=\u00a0\u00bb{}\u00a0\u00bb][et_pb_team_member name=\u00a0\u00bbAnne Perrier \u00a0\u00bb position=\u00a0\u00bbResponsable de formation\u00a0\u00bb image_url=\u00a0\u00bbdata:image\/svg+xml;base64,PHN2ZyB3aWR0aD0iNTAwIiBoZWlnaHQ9IjUwMCIgdmlld0JveD0iMCAwIDUwMCA1MDAiIHhtbG5zPSJodHRwOi8vd3d3LnczLm9yZy8yMDAwL3N2ZyI+CiAgICA8ZyBmaWxsPSJub25lIiBmaWxsLXJ1bGU9ImV2ZW5vZGQiPgogICAgICAgIDxwYXRoIGZpbGw9IiNFQkVCRUIiIGQ9Ik0wIDBoNTAwdjUwMEgweiIvPgogICAgICAgIDxyZWN0IGZpbGwtb3BhY2l0eT0iLjEiIGZpbGw9IiMwMDAiIHg9IjY4IiB5PSIzMDUiIHdpZHRoPSIzNjQiIGhlaWdodD0iNTY4IiByeD0iMTgyIi8+CiAgICAgICAgPGNpcmNsZSBmaWxsLW9wYWNpdHk9Ii4xIiBmaWxsPSIjMDAwIiBjeD0iMjQ5IiBjeT0iMTcyIiByPSIxMDAiLz4KICAgIDwvZz4KPC9zdmc+Cg==\u00a0\u00bb _builder_version=\u00a0\u00bb4.27.4&Prime; _module_preset=\u00a0\u00bbdefault\u00a0\u00bb global_colors_info=\u00a0\u00bb{}\u00a0\u00bb][\/et_pb_team_member][\/et_pb_column][et_pb_column type=\u00a0\u00bb1_2&Prime; _builder_version=\u00a0\u00bb4.27.4&Prime; _module_preset=\u00a0\u00bbdefault\u00a0\u00bb global_colors_info=\u00a0\u00bb{}\u00a0\u00bb][et_pb_team_member name=\u00a0\u00bbDr Christian Decloquement \u00a0\u00bb position=\u00a0\u00bbresponsable scientifique \u00a0\u00bb image_url=\u00a0\u00bbhttps:\/\/ipmr-nevers.fr\/wp-content\/uploads\/2026\/01\/images.jpeg\u00a0\u00bb _builder_version=\u00a0\u00bb4.27.4&Prime; _module_preset=\u00a0\u00bbdefault\u00a0\u00bb global_colors_info=\u00a0\u00bb{}\u00a0\u00bb][\/et_pb_team_member][\/et_pb_column][\/et_pb_row][\/et_pb_section][et_pb_section fb_built=\u00a0\u00bb1&Prime; _builder_version=\u00a0\u00bb4.27.4&Prime; _module_preset=\u00a0\u00bbdefault\u00a0\u00bb global_colors_info=\u00a0\u00bb{}\u00a0\u00bb][et_pb_row _builder_version=\u00a0\u00bb4.27.4&Prime; _module_preset=\u00a0\u00bbdefault\u00a0\u00bb global_colors_info=\u00a0\u00bb{}\u00a0\u00bb][et_pb_column type=\u00a0\u00bb4_4&Prime; _builder_version=\u00a0\u00bb4.27.4&Prime; _module_preset=\u00a0\u00bbdefault\u00a0\u00bb global_colors_info=\u00a0\u00bb{}\u00a0\u00bb][et_pb_text _builder_version=\u00a0\u00bb4.27.4&Prime; _module_preset=\u00a0\u00bbdefault\u00a0\u00bb global_colors_info=\u00a0\u00bb{}\u00a0\u00bb]<\/p>\n<p class=\"p1\"><b>R\u00e9sultats de la promotion :<\/b><b><\/b><\/p>\n<p class=\"p2\">Sur l\u2019ensemble des candidats pr\u00e9sent\u00e9s :<span class=\"s1\"><\/span><\/p>\n<ul>\n<li>\n<p class=\"p1\"><b>50 % ont valid\u00e9 le titre d\u2019Assistant Dentaire<\/b><span class=\"s1\"> (soit 4 apprenants)<\/span><\/p>\n<\/li>\n<li>\n<p class=\"p1\"><b>50 % ont valid\u00e9 partiellement la formation<\/b><span class=\"s1\">, avec <\/span><b>3 blocs de comp\u00e9tences <\/b><span class=\"s1\">(soit 4 apprenants)<\/span><\/p>\n<\/li>\n<\/ul>\n<p>&nbsp;<\/p>\n<p>[\/et_pb_text][\/et_pb_column][\/et_pb_row][\/et_pb_section][et_pb_section fb_built=\u00a0\u00bb1&Prime; _builder_version=\u00a0\u00bb4.27.4&Prime; _module_preset=\u00a0\u00bbdefault\u00a0\u00bb global_colors_info=\u00a0\u00bb{}\u00a0\u00bb][et_pb_row column_structure=\u00a0\u00bb1_2,1_2&Prime; _builder_version=\u00a0\u00bb4.27.4&Prime; _module_preset=\u00a0\u00bbdefault\u00a0\u00bb global_colors_info=\u00a0\u00bb{}\u00a0\u00bb][et_pb_column type=\u00a0\u00bb1_2&Prime; _builder_version=\u00a0\u00bb4.27.4&Prime; _module_preset=\u00a0\u00bbdefault\u00a0\u00bb global_colors_info=\u00a0\u00bb{}\u00a0\u00bb][et_pb_text _builder_version=\u00a0\u00bb4.27.4&Prime; _module_preset=\u00a0\u00bbdefault\u00a0\u00bb global_colors_info=\u00a0\u00bb{}\u00a0\u00bb]<\/p>\n<p><span>R\u00e9f\u00e9rences :<br \/>Type de certification : Titre \u00e0 finalit\u00e9 professionnelle.<br \/>Appellation officielle : Titre Assistant Dentaire.<br \/>R\u00e9pertoire RNCP. Code RNCP 38144.<br \/>Niveau de qualification : niveau 4.<br \/>Code NSF : 331 sant\u00e9.<br \/>Date d&rsquo;enregistrement : 18\/10\/2023.<\/span><\/p>\n<p>[\/et_pb_text][\/et_pb_column][et_pb_column type=\u00a0\u00bb1_2&Prime; _builder_version=\u00a0\u00bb4.27.4&Prime; _module_preset=\u00a0\u00bbdefault\u00a0\u00bb global_colors_info=\u00a0\u00bb{}\u00a0\u00bb][et_pb_image src=\u00a0\u00bbhttps:\/\/ipmr-nevers.fr\/wp-content\/uploads\/2026\/01\/CPNEFP.jpg\u00a0\u00bb title_text=\u00a0\u00bbCPNEFP\u00a0\u00bb _builder_version=\u00a0\u00bb4.27.4&Prime; _module_preset=\u00a0\u00bbdefault\u00a0\u00bb global_colors_info=\u00a0\u00bb{}\u00a0\u00bb][\/et_pb_image][\/et_pb_column][\/et_pb_row][\/et_pb_section][et_pb_section fb_built=\u00a0\u00bb1&Prime; _builder_version=\u00a0\u00bb4.27.4&Prime; _module_preset=\u00a0\u00bbdefault\u00a0\u00bb global_colors_info=\u00a0\u00bb{}\u00a0\u00bb][\/et_pb_section]<\/p>\n","protected":false},"excerpt":{"rendered":"<p>Assistant Dentaire\u00a0Apr\u00e8s avoir ouvert avec succ\u00e8s trois fili\u00e8res de r\u00e9\u00e9ducation \u00e0 Nevers, l\u2019IPMR poursuit son d\u00e9veloppement en lan\u00e7ant une formation d\u2019assistant dentaire de niveau 1. Ce projet r\u00e9pond \u00e0 un besoin identifi\u00e9 : notre d\u00e9partement, tout comme les territoires voisins, fait partie des zones sous-dot\u00e9es en personnel dentaire selon les donn\u00e9es d\u00e9mographiques nationales. Conform\u00e9ment \u00e0 [&hellip;]<\/p>\n","protected":false},"author":1,"featured_media":0,"parent":0,"menu_order":0,"comment_status":"closed","ping_status":"closed","template":"","meta":{"_et_pb_use_builder":"on","_et_pb_old_content":"","_et_gb_content_width":"","footnotes":""},"class_list":["post-935","page","type-page","status-publish","hentry"],"_links":{"self":[{"href":"https:\/\/ipmr-nevers.fr\/index.php?rest_route=\/wp\/v2\/pages\/935","targetHints":{"allow":["GET"]}}],"collection":[{"href":"https:\/\/ipmr-nevers.fr\/index.php?rest_route=\/wp\/v2\/pages"}],"about":[{"href":"https:\/\/ipmr-nevers.fr\/index.php?rest_route=\/wp\/v2\/types\/page"}],"author":[{"embeddable":true,"href":"https:\/\/ipmr-nevers.fr\/index.php?rest_route=\/wp\/v2\/users\/1"}],"replies":[{"embeddable":true,"href":"https:\/\/ipmr-nevers.fr\/index.php?rest_route=%2Fwp%2Fv2%2Fcomments&post=935"}],"version-history":[{"count":17,"href":"https:\/\/ipmr-nevers.fr\/index.php?rest_route=\/wp\/v2\/pages\/935\/revisions"}],"predecessor-version":[{"id":1183,"href":"https:\/\/ipmr-nevers.fr\/index.php?rest_route=\/wp\/v2\/pages\/935\/revisions\/1183"}],"wp:attachment":[{"href":"https:\/\/ipmr-nevers.fr\/index.php?rest_route=%2Fwp%2Fv2%2Fmedia&parent=935"}],"curies":[{"name":"wp","href":"https:\/\/api.w.org\/{rel}","templated":true}]}}